test common divisor of 5 and y?
5
Suppose -2*w = 0, -4*u = w + 2*w - 8. Suppose -u*r = p - 6, -6*p + p = 3*r - 51. Calculate the greatest common factor of 132 and p.
12
Suppose b + 2*b = 3, -4*d - 5*b + 77 = 0. Let n be 77 + 3 + (-6 - -1). Let t = n - 39. Calculate the greatest common factor of t and d.
18
Let h(v) = v**3 + 24*v**2 + 21*v - 18. Let d be h(-23). What is the greatest common factor of 644 and d?
28
Let k = -79 + 169. Let b be ((-3)/4)/(124/32 - 4). Suppose -10 = -b*c + 5*c. What is the highest common divisor of c and k?
10
Let l(w) = w**3 + 18*w**2 + w + 33. Let k be l(-18). Calculate the highest common factor of k and 25.
5
Suppose -63*y - 8*y + 24140 = 0. What is the greatest common factor of y and 4?
4
Let w = 99 + -95. Let s(j) = 2*j**3 - 7*j**2 + 7*j. Let p be s(w). Calculate the greatest common divisor of p and 22.
22
Let q(r) = -r**3 + 11*r**2 + r - 6. Suppose 9*o - 5*o + 56 = 0. Let m be ((-24)/o)/(12/42). Let f be q(m). What is the greatest common divisor of f and 20?
20
Suppose -5*k - t + 584 = -292, 8 = -2*t. Calculate the highest common divisor of 132 and k.
44
Let v be 3*((-57)/(-9))/(-1). Let c = 32 + v. Calculate the greatest common factor of c and 26.
13
Suppose -339*m + 135 = -334*m. Calculate the greatest common factor of 207 and m.
9
Let g be 6/(-24) + (-452)/(-16) - 2. What is the greatest common divisor of g and 169?
13
Let a(u) = -15*u + 398. Let j be a(26). Calculate the highest common factor of 296 and j.
8
Let k = 20 + -12. Let i be -2 + (-9)/(-3) - (-34 + -1). Suppose -i = -0*v - 3*v - 4*n, -4*n = -2*v + 4. Calculate the highest common divisor of v and k.
8
Let m be (-1)/((8/12)/2). Let n(w) = -w**2 - 6*w - 7. Let l be n(m). What is the greatest common divisor of 10 and l?
2
Let t(q) = -5*q**3 - 4*q**2 + 5*q. Let s be t(-3). Calculate the greatest common factor of 546 and s.
42
Let a be 1 - (-14 + 1 + 2). Suppose 5*v - 2*g = 654, -v + 2*g = -0*g - 126. Calculate the greatest common divisor of a and v.
12
Let b = -99 - -46. Let x = 74 + b. Let a(s) = 4*s**2 - 6*s - 7. Let m be a(5). Calculate the greatest common factor of m and x.
21
Let y(g) = 2*g**2 - 1. Let w be y(1). Let l(d) be the first derivative of 3*d**4/4 - 20. Let s be l(w). What is the greatest common factor of s and 33?
3
Let x(l) be the third derivative of l**5/15 - 5*l**4/24 + 7*l**3/6 - 7*l**2. Let q be x(-5). Calculate the greatest common factor of 12 and q.
12
Suppose -y - 12 = -4*y. Suppose 10*z - y*z - 72 = 0. Calculate the greatest common factor of 12 and z.
12
Suppose -9 - 1 = -2*n. Suppose -11*h = -16*h - 10, -p + 6 = 4*h. Suppose 426 = -p*v + 1196. What is the greatest common divisor of n and v?
5
Let d = 39 + -37. Suppose o + d*o = 165. Let b be (-2)/3 + 105/9. What is the greatest common factor of o and b?
11
Let x be 20691/165 + 6/10. What is the greatest common divisor of 56 and x?
14
Suppose 5*s + 5*l - 5 = 0, 3*l + 17 = 8*s - 6*s. Let z be (3 + 0 + 0)*(s - -1). Calculate the highest common factor of z and 15.
15
Suppose 2*c - 4 = -g, 0*c = 5*g - 2*c - 68. Let d be (2 + -98)*4/(-8). What is the greatest common factor of g and d?
12
Let b(a) = -a**2 - 10*a - 3. Let m be 40/15*3/(-2). Let p be b(m). Calculate the highest common factor of 21 and p.
21
Let z(a) = -a - 2. Let x be z(-4). Suppose x*m = -9 + 5. Let d = 5 - m. Calculate the highest common divisor of 63 and d.
7
Let o = 13684 - 13669. Let r be ((-4)/(-2))/(-1) + 167. Suppose -4*m = -r + 45. Calculate the greatest common factor of m and o.
15
Suppose 13*u = u + 168. Let m(i) = -i**3 - 3*i**2 + 3*i - 3. Let v be m(-4). Let z = v - -1. Calculate the highest common divisor of u and z.
2
Let v = 3 + 13. Suppose -n = -v + 4. What is the greatest common factor of n and 132?
12
Suppose 3*m + 9 = 0, -4*z - 5*m + m - 4 = 0. Suppose -z*s - 4*x + 9 = -13, -65 = -3*s + 2*x. What is the greatest common factor of s and 57?
19
Let b = 3 - -7. Let o = -1044 - -1099. What is the greatest common factor of b and o?
5
Let o(g) = 10*g + 5. Let x be o(3). What is the highest common divisor of 280 and x?
35
Suppose q = -q - 10. Let j(t) = -t**3 - 6*t**2 - 6*t - 1. Let c be j(q). What is the highest common divisor of c and 4?
4
Suppose -c = m - 4*m + 10, 3*m - 20 = -4*c. Suppose m*u - 62 = -3*k, 2*k - 6*k + 51 = -u. Let i = -277 + 431. Calculate the greatest common divisor of i and k.
14
Let t = 4 - -132. Suppose 0 = 4*i - 4*j - 152, -4*i + 2*j = j - 140. Calculate the highest common factor of i and t.
34
Let n be (0 + 0)/(3/(-1) - -1). Suppose -2*g + 203 = 5*v, n = -0*v - v - 4*g + 37. Calculate the highest common factor of 246 and v.
41
Let w be (-6)/(-4)*(-74)/(-3). Let u = w - 3. Let p(q) = -2*q - 17. Let a be p(-17). What is the highest common divisor of u and a?
17
Let l(x) = 2*x**2 + 14*x - 84. Let k be l(-17). Calculate the highest common divisor of 320 and k.
64
Let j be (-150)/90*5/(50/(-24)). What is the highest common divisor of j and 15?
1
Let x(q) = -q**3 - 7*q**2 - 10*q - 7. Let d be x(-6). Let n = 698 + -681. What is the greatest common factor of n and d?
17
Suppose b - 6*u - 11 = -3*u, 3*b - 5*u = 25. Let k be (-1)/2 - 11/(-4)*-2. Let h be (-2)/(-6) - 148/k. What is the highest common factor of h and b?
5
Let p = 968 + -803. What is the greatest common factor of 55 and p?
55
Let v(g) = -5*g**3 - 34*g**2 + 40*g + 233. Let s be v(-7). Let p = 5 - 3. Calculate the highest common factor of p and s.
2
Let k = -350 - -494. Suppose 4*i = 5*m + 62 - 22, 15 = -5*m - i. Let f be ((-32)/(-40))/(m/(-90)). Calculate the greatest common factor of f and k.
18
Let g be 177/6 + 2/(-4). Let b(w) = -6*w**2 - 113*w - 71. Let t be b(-17). Calculate the highest common divisor of t and g.
29
Suppose -4*f = -3*f - 1. Let j = 13 + f. Let k(v) = -v**3 + 14*v**2 + v - 8. Let a be k(j). What is the highest common factor of a and 4?
2
Suppose -38*j - 325 = -43*j. Let k be (-1 - 0)/((-4)/(-12)). Let m = k + 29. Calculate the greatest common factor of j and m.
13
Let z be (-3)/(((-12)/32)/(-1)). Let w = z - -24. Suppose i - 80 = -i. What is the greatest common factor of i and w?
8
Let j be (4/2)/(1/1). Let x be 7/((-231)/(-885)) - 2/(-11). Let o = 29 - x. What is the highest common factor of j and o?
2
Suppose 5*i = -5, g = 5*i - 2 + 91. Calculate the greatest common factor of g and 126.
42
Let k = 1 + 3. Suppose 3*x = k*x - 18. Let l(n) = n**3 + 6*n**2 - 8*n - 15. Let v be l(-3). What is the greatest common factor of x and v?
18
Let t be (2 - 4)/(6/(-15)). Suppose -74 = -4*i - 2*g, 66 + 31 = t*i + g. Let p = -254 - -454. Calculate the greatest common divisor of i and p.
20
Let o(r) = -r**2 + 153*r - 3299. Let p be o(26). Suppose 4*c - 59 - 13 = 3*h, 0 = -3*h + 12. Calculate the greatest common factor of c and p.
3
Let z(f) = 88 - 4*f**3 + f**2 + f**2 + 5*f**3 - 4*f**2. Let r be z(0). What is the highest common divisor of r and 22?
22
Let j(m) be the second derivative of m**4/12 - 5*m**3/6 + 3*m**2 - 6*m. Let n be j(-7). Suppose 6*h - n = h. What is the highest common divisor of h and 144?
18
Let b be ((-42)/(-8))/(4 + 976/(-256)). What is the highest common divisor of 126 and b?
14
Let n be 7 + -3 + 729/3. What is the highest common factor of 13 and n?
13
Let w be (168/60)/(82/40 - 2). Suppose 2*r - 4*r + 28 = 0. What is the highest common factor of w and r?
14
Let p(j) = 47*j - 12. Let h be p(5). Suppose 4*z = 691 - h. What is the highest common divisor of z and 13?
13
Let y be 68/(-6)*(-15)/2. Let s(c) = -9*c - 12 + 10 - c**2 + 3*c - c**3. Let t be s(-3). What is the highest common divisor of y and t?
17
Let g be (-48)/10*600/(-15). Calculate the highest common divisor of 72 and g.
24
Let i = 84 - -62. What is the greatest common divisor of 73 and i?
73
Let v = 883 + -806. What is the greatest common divisor of 14 and v?
7
Let d(x) = x**3 - 12*x**2 - x + 15. Let k be d(12). Let p(i) = i + 9. Let l be p(k). What is the highest common divisor of 108 and l?
12
Suppose -11 = -f + 5*g, 0*f = f + 3*g - 43. Let t = 70 - f. What is the highest common divisor of 156 and t?
39
Let n be 26 - 20 - (-315 - 1). What is the greatest common divisor of n and 46?
46
Suppose 9*z - 55*z = -4876. Calculate the greatest common factor of z and 477.
53
Let a be (5 - 1)/(24/60). Let z be (-3982)/(-55) + 6/a. Suppose -z = -4